43*i + 29. Let c be s(-13). Let a = c + -23. List the prime factors of a.
2, 29
Suppose 2*a + c = 37592, -a + 30*c = 29*c - 18787. List the prime factors of a.
18793
Let c = 160 + -70. List the prime factors of -428*(c/(-12) - -7).
2, 107
Let p = 528 - 343. Suppose 6*o - 373 = p. What are the prime factors of o?
3, 31
Suppose 8874 - 55049 - 116736 = -17*a. What are the prime factors of a?
7, 37
Let o = -373 + 373. Let n(r) = r**2 - 4*r + 456. List the prime factors of n(o).
2, 3, 19
Suppose -25 = -v + 5*k + 2148, -v + 2179 = -8*k. List the prime factors of v.
3, 7, 103
Suppose -2*i = -w + 12, 0 = w - i - 6 - 6. Let t = w - -1. Suppose -t*b + 1680 = -b. What are the prime factors of b?
2, 5, 7
Suppose -91518 - 233 = -11*r. What are the prime factors of r?
19, 439
Let a = -7203 - -15244. What are the prime factors of a?
11, 17, 43
Let p = 21931 - 13022. What are the prime factors of p?
59, 151
Suppose -z + 0*t - 2*t + 398 = 0, 2*z + 5*t - 796 = 0. Let c = z + -75. List the prime factors of c.
17, 19
Let g = -12213 + 16150. What are the prime factors of g?
31, 127
Suppose 2*x = -j + 111, 19 + 308 = 3*j + 4*x. Let g be j/10 + 2/(-2*2). Let w(k) = 2*k**2 - 8*k - 12. List the prime factors of w(g).
2, 3
Suppose 453 = 5*d + 83. Let h = 88 + d. List the prime factors of h.
2, 3
Suppose 320 = -5*m + x, -5*m = 4*x - 3*x + 330. Let r = m + 114. List the prime factors of r.
7
Suppose -1 = 5*h - 11. Suppose 0 = 3*u - h*u - 3. Let j(v) = -3*v + 12. List the prime factors of j(u).
3
Suppose 858 = -2*x + 2*k, 3*x - 4*k - 492 = -1784. What are the prime factors of (-16)/(-4) - x/1?
2, 107
Let o = 262 - 595. Suppose -h = -c + 3*c - 461, -h + 482 = -5*c. Let b = o + h. What are the prime factors of b?
2, 67
Suppose -83*z + 1819027 = 10540. What are the prime factors of z?
3, 269
Let d = -19294 + 50372. What are the prime factors of d?
2, 41, 379
Let h(s) = 40*s**2 - 83*s - 382. List the prime factors of h(-12).
2, 3187
Suppose 198*i - 43129 = -12637. List the prime factors of i.
2, 7, 11
Let b(n) = -35*n**3 + 3*n**2 + n - 1. Let q be b(1). List the prime factors of (10*q/12)/(8/(-240)).
2, 5
Suppose 4*p = 6*p + 20. Let q(v) be the first derivative of -5*v**2 - 19*v - 9. What are the prime factors of q(p)?
3
Suppose 2*y = -5*o + 11319, 0 = 2*y - 3*o - o - 11310. What are the prime factors of y?
5657
Let k(o) = -54*o**2 + 4*o - 2. Let c be k(-3). Let g = 960 + c. List the prime factors of g.
2, 5, 23
Suppose 0 = 367*w - 6364698 - 1115496. What are the prime factors of w?
2, 3, 43, 79
Let t = -401 - -412. Let f(z) = -z**3 + 19*z**2 - 7*z - 6. List the prime factors of f(t).
3, 5, 59
Suppose -3*j = 2*x - 60383, -3*x + 0*j = 4*j - 90575. List the prime factors of x.
109, 277
Suppose 397 + 79 = -7*q. Let d = q - -7. What are the prime factors of (1 - d) + -14 + 13?
61
Let m(y) = 25*y - 28 + 6*y - 6*y. List the prime factors of m(7).
3, 7
Suppose 0 = -s - 2*c + 7, 0*s + 3*c - 30 = 5*s. What are the prime factors of 3 + (-2684)/(-12) - (-2)/s?
2, 113
Let b(n) = -142*n + 3837. List the prime factors of b(-80).
7, 13, 167
Suppose 311 = -3*t - 352. Let x = t + 277. List the prime factors of x.
2, 7
Suppose -74*r + 5*k = -69*r - 32285, 4*r = 3*k + 25825. What are the prime factors of r?
2, 7, 461
Let h = 1259 - 1259. Let s be 3*2*(-2)/(-4). Suppose -2*t - 5*j - 356 = -6*t, h = 4*t + s*j - 388. What are the prime factors of t?
2, 47
Suppose 4*c - 112325 = -10445. List the prime factors of c.
2, 3, 5, 283
Let y = 81 - 91. Let a be (1/((-5)/y))/((-4)/454). Let p = a + 373. What are the prime factors of p?
2, 73
Suppose -1563 = -2*v - 35. Suppose 19*d - v = 15*d. List the prime factors of d.
191
What are the prime factors of (-21)/9*(-1437 - (-20 - -8))?
5, 7, 19
Suppose 3*y - 16 = -4. Let z be 225/(-6)*((-16)/3)/y. Let s = 89 + z. List the prime factors of s.
139
Suppose 0 = -49*u + 38*u + 25036. List the prime factors of u.
2, 569
Let q be 88434/(8 - -1) + 2. Suppose 20*p = 41*p - q. What are the prime factors of p?
2, 3, 13
Suppose -89706 = -5*o + 2*p, 39*o - 2*p + 71754 = 43*o. What are the prime factors of o?
2, 3, 5, 13, 23
Let o(c) = -c**2 - 8*c + 8. Let g be o(1). Let r(z) = -646*z - 15. What are the prime factors of r(g)?
631
Suppose -4*a + v = -37, 32 = 3*a - 3*v + 2. Let q be 17*a*(-36)/(-27). Suppose -m - q = -7*m. What are the prime factors of m?
2, 17
Let n = 220 - 217. Suppose -n*j - 897 = -3*v, v - 6*v + 1486 = 4*j. What are the prime factors of v?
2, 149
Let z = 26 - 29. Let x be 12/3 - (0 + 3 + z). Suppose x*p = 992 - 188. What are the prime factors of p?
3, 67
Let q(m) = m + 13. Let u be q(-10). Suppose -8*j + 29 + u = 0. Suppose 5*v - 1112 = j*f - f, -v + 220 = -3*f. What are the prime factors of v?
223
Let x be (-20)/(2 + (-160)/75). Let d(n) = -23*n - 12. Let w be d(-7). Let s = x + w. List the prime factors of s.
13, 23
Suppose -2*a = -6*i + 3*i + 250, 4*a - 2*i = -484. Let r be (a/28)/((-2)/104). Suppose p = 2*h - 0*p - 138, 0 = 3*h - 5*p - r. What are the prime factors of h?
67
Suppose 5*v + 0 = -3*q - 2, -5*q = -v + 22. Let m be v - (-3)/9*(1 - -2). What are the prime factors of 45 + (m/2 - 39/26)?
3, 5
Let x = -7353 - -11921. What are the prime factors of x?
2, 571
Let c = -1026 - -2295. List the prime factors of c.
3, 47
Suppose -4017514 - 17586 = -100*t. What are the prime factors of t?
40351
Let k = -754 - -75. Let d = 954 + k. List the prime factors of d.
5, 11
Suppose -205 + 45 = -20*h. Suppose -20 = -4*d, -h*b + 3*b = 5*d - 7140. What are the prime factors of b?
1423
Suppose -4*z - 1346*q + 15352 = -1347*q, 4*z + 3*q - 15320 = 0. List the prime factors of z.
2, 7, 137
Let r = -34 - -36. Suppose 0 = r*y - y + 24. List the prime factors of 0 - (2 - (-4 - y)).
2, 3
What are the prime factors of (-464690)/(-75) - (-12)/90?
2, 1549
Suppose 932303 = -58*m - 25*m + 6480189. What are the prime factors of m?
2, 19, 1759
List the prime factors of 91/65*(-4)/14 - 231816/(-15).
2, 7727
Let w be (-5 - -3)/(2 - (-24)/(-9)). Suppose -2*f = 3*d - 662, 6*d - w*d + 3*f - 657 = 0. What are the prime factors of d?
2, 7
Let x = -42 + 38. Let r = 421 + x. Suppose 3*z - 5*w + 10*w - 300 = 0, w - r = -4*z. List the prime factors of z.
3, 5, 7
Let c(n) = 29*n + 22. Let o be c(11). Let q = 428 - o. List the prime factors of q.
3, 29
Let l(t) be the third derivative of 11*t**6/360 - 17*t**5/60 - 3*t**4/4 - 26*t**2. Let o(a) be the second derivative of l(a). List the prime factors of o(9).
2, 41
Let a(m) = -m**3 + 4*m**2 - 3*m. Let f be a(2). Suppose -2*d + 3*p = 269, -d + f*p + 64 - 199 = 0. Let l = 260 + d. List the prime factors of l.
127
Suppose -1100 + 1122 = 2*k. Suppose 2*i - k = 23. What are the prime factors of i?
17
Let q(f) = 175*f - 6. Let d be q(9). Suppose -d = -11*h - 304. What are the prime factors of h?
5, 23
Let d be (-4 + 2 - -74)*(10 + -2). Suppose -d = -56*a + 54*a. Suppose k + 378 = 4*p - k, a = 3*p - 3*k. List the prime factors of p.
3, 31
Let r = 12467 - 5576. What are the prime factors of r?
3, 2297
Let w(a) = a**2 - 8*a - 23. Let q be w(4). List the prime factors of 1247 + 2 + 38 + q.
2, 3, 13
Suppose -3*o = -52 + 151. List the prime factors of -16*o/44*(-106)/(-4).
2, 3, 53
Let s(t) = -3*t**2 + 2. Let b(d) = -14*d**2 - d + 9. Let r(c) = -2*b(c) + 9*s(c). Let h be r(1). What are the prime factors of (h + -2)/((-13)/(-234))?
2, 3
Let z(w) = w**3 - 8*w**2 - 3*w + 20. Let u be z(8). Let v = u + 4. List the prime factors of 4/(v - 1/(7*-3)).
2, 3, 7
Let r(v) be the third derivative of v**6/120 - 7*v**5/60 + 7*v**4/24 + 11*v**3/6 + 19*v**2. Let z be r(5). What are the prime factors of (1 + z)/((-3)/142)?
2, 71
Let q be (-98)/(-84) + 2/(-12). Let v = -94 - -67. List the prime factors of 4/((-12)/v) + q.
2, 5
Suppose 0 = -6*z - z + 35. Suppose -4*h - z = 5*s, 3*h - 5*s = 5*h + 5. Suppose h*t - 4*t = -4*v + 264, -4*v = -5*t - 268. List the prime factors of v.
2, 31
Suppose 5*x + n + 972 = -n, -4*n = -2*x - 384. Let m = x + 312. List the prime factors of m.
2, 59
Suppose 29*s - 157939 = 7506. What are the prime factors of s?
5, 7, 163
Let p(n) = n**2 + 5. Let a be p(0). Suppose a*x + 2954 = 12*x. What are the prime factors of x?
2, 211
Suppose 2*q = 33 - 13. Suppose 5*s = 535 + q. What are the prime factors of s?
109
Suppose -5*x - 50 + 60 = 0. Let u 